{"id":3311,"date":"2020-11-13T18:17:46","date_gmt":"2020-11-13T18:17:46","guid":{"rendered":"http:\/\/biblio.autonoma.pt\/?page_id=3311"},"modified":"2026-01-07T15:28:18","modified_gmt":"2026-01-07T15:28:18","slug":"blog-noticias","status":"publish","type":"page","link":"http:\/\/biblio.grupoautonoma.pt\/en\/blog-noticias\/","title":{"rendered":"Blog Noticias"},"content":{"rendered":"<h2 class=\"wp-block-heading has-text-align-center\"><strong>News<\/strong><\/h2>\n\n\n\n<div style=\"height:100px\" aria-hidden=\"true\" class=\"wp-block-spacer\"><\/div>\n\n\n<ul class=\"wp-block-latest-posts__list is-grid columns-3 has-dates wp-block-latest-posts\"><li><div class=\"wp-block-latest-posts__featured-image\"><img loading=\"lazy\" decoding=\"async\" width=\"300\" height=\"225\" src=\"https:\/\/biblio.grupoautonoma.pt\/wp-content\/uploads\/2026\/04\/capa-novidades-1-300x225.png\" class=\"attachment-medium size-medium wp-post-image\" alt=\"\" style=\"max-width:300px;max-height:300px;\" srcset=\"https:\/\/biblio.grupoautonoma.pt\/wp-content\/uploads\/2026\/04\/capa-novidades-1-300x225.png 300w, https:\/\/biblio.grupoautonoma.pt\/wp-content\/uploads\/2026\/04\/capa-novidades-1-1024x768.png 1024w, https:\/\/biblio.grupoautonoma.pt\/wp-content\/uploads\/2026\/04\/capa-novidades-1-768x576.png 768w, https:\/\/biblio.grupoautonoma.pt\/wp-content\/uploads\/2026\/04\/capa-novidades-1-16x12.png 16w, https:\/\/biblio.grupoautonoma.pt\/wp-content\/uploads\/2026\/04\/capa-novidades-1.png 1181w\" sizes=\"auto, (max-width: 300px) 100vw, 300px\" \/><\/div><a class=\"wp-block-latest-posts__post-title\" href=\"http:\/\/biblio.grupoautonoma.pt\/en\/novidades-bibliogrficas-marco-esesfm\/\">Novidades Bibliogr\u00e1ficas Mar\u00e7o ESESFM<\/a><time datetime=\"2026-04-07T07:53:58+01:00\" class=\"wp-block-latest-posts__post-date\">07\/04\/2026<\/time><div class=\"wp-block-latest-posts__post-excerpt\">Novidades bibliogr\u00e1ficas de Mar\u00e7o na biblioteca da ESESFM j\u00e1 dispon\u00edveis<\/div><\/li>\n<li><div class=\"wp-block-latest-posts__featured-image\"><img loading=\"lazy\" decoding=\"async\" width=\"300\" height=\"225\" src=\"https:\/\/biblio.grupoautonoma.pt\/wp-content\/uploads\/2026\/04\/capa-marco-300x225.png\" class=\"attachment-medium size-medium wp-post-image\" alt=\"\" style=\"max-width:300px;max-height:300px;\" srcset=\"https:\/\/biblio.grupoautonoma.pt\/wp-content\/uploads\/2026\/04\/capa-marco-300x225.png 300w, https:\/\/biblio.grupoautonoma.pt\/wp-content\/uploads\/2026\/04\/capa-marco-1024x768.png 1024w, https:\/\/biblio.grupoautonoma.pt\/wp-content\/uploads\/2026\/04\/capa-marco-768x576.png 768w, https:\/\/biblio.grupoautonoma.pt\/wp-content\/uploads\/2026\/04\/capa-marco-16x12.png 16w, https:\/\/biblio.grupoautonoma.pt\/wp-content\/uploads\/2026\/04\/capa-marco.png 1476w\" sizes=\"auto, (max-width: 300px) 100vw, 300px\" \/><\/div><a class=\"wp-block-latest-posts__post-title\" href=\"http:\/\/biblio.grupoautonoma.pt\/en\/novidades-bibliogrficas-marco\/\">Novidades Bibliogr\u00e1ficas Mar\u00e7o<\/a><time datetime=\"2026-04-07T07:51:34+01:00\" class=\"wp-block-latest-posts__post-date\">07\/04\/2026<\/time><div class=\"wp-block-latest-posts__post-excerpt\">Novidades bibliogr\u00e1ficas de Mar\u00e7o j\u00e1 dispon\u00edveis<\/div><\/li>\n<li><div class=\"wp-block-latest-posts__featured-image\"><img loading=\"lazy\" decoding=\"async\" width=\"300\" height=\"225\" src=\"https:\/\/biblio.grupoautonoma.pt\/wp-content\/uploads\/2026\/02\/capa-novidades-janeiro-1-300x225.png\" class=\"attachment-medium size-medium wp-post-image\" alt=\"\" style=\"max-width:300px;max-height:300px;\" srcset=\"https:\/\/biblio.grupoautonoma.pt\/wp-content\/uploads\/2026\/02\/capa-novidades-janeiro-1-300x225.png 300w, https:\/\/biblio.grupoautonoma.pt\/wp-content\/uploads\/2026\/02\/capa-novidades-janeiro-1-1024x768.png 1024w, https:\/\/biblio.grupoautonoma.pt\/wp-content\/uploads\/2026\/02\/capa-novidades-janeiro-1-768x576.png 768w, https:\/\/biblio.grupoautonoma.pt\/wp-content\/uploads\/2026\/02\/capa-novidades-janeiro-1-16x12.png 16w, https:\/\/biblio.grupoautonoma.pt\/wp-content\/uploads\/2026\/02\/capa-novidades-janeiro-1.png 1063w\" sizes=\"auto, (max-width: 300px) 100vw, 300px\" \/><\/div><a class=\"wp-block-latest-posts__post-title\" href=\"http:\/\/biblio.grupoautonoma.pt\/en\/novidades-bibliogrficas-janeiro\/\">Novidades Bibliogr\u00e1ficas Janeiro<\/a><time datetime=\"2026-02-03T08:54:55+00:00\" class=\"wp-block-latest-posts__post-date\">03\/02\/2026<\/time><div class=\"wp-block-latest-posts__post-excerpt\">Novidades bibliogr\u00e1ficas de Janeiro j\u00e1 dispon\u00edveis<\/div><\/li>\n<li><div class=\"wp-block-latest-posts__featured-image\"><img loading=\"lazy\" decoding=\"async\" width=\"300\" height=\"225\" src=\"https:\/\/biblio.grupoautonoma.pt\/wp-content\/uploads\/2026\/01\/Dezembro-300x225.png\" class=\"attachment-medium size-medium wp-post-image\" alt=\"\" style=\"max-width:300px;max-height:300px;\" srcset=\"https:\/\/biblio.grupoautonoma.pt\/wp-content\/uploads\/2026\/01\/Dezembro-300x225.png 300w, https:\/\/biblio.grupoautonoma.pt\/wp-content\/uploads\/2026\/01\/Dezembro-1024x768.png 1024w, https:\/\/biblio.grupoautonoma.pt\/wp-content\/uploads\/2026\/01\/Dezembro-768x576.png 768w, https:\/\/biblio.grupoautonoma.pt\/wp-content\/uploads\/2026\/01\/Dezembro-16x12.png 16w, https:\/\/biblio.grupoautonoma.pt\/wp-content\/uploads\/2026\/01\/Dezembro.png 1240w\" sizes=\"auto, (max-width: 300px) 100vw, 300px\" \/><\/div><a class=\"wp-block-latest-posts__post-title\" href=\"http:\/\/biblio.grupoautonoma.pt\/en\/novidades-bibliogrficas-dezembro\/\">Novidades Bibliogr\u00e1ficas Dezembro<\/a><time datetime=\"2026-01-12T13:34:57+00:00\" class=\"wp-block-latest-posts__post-date\">12\/01\/2026<\/time><div class=\"wp-block-latest-posts__post-excerpt\">Novidades bibliogr\u00e1ficas de Dezembro j\u00e1 dispon\u00edveis<\/div><\/li>\n<li><div class=\"wp-block-latest-posts__featured-image\"><img loading=\"lazy\" decoding=\"async\" width=\"300\" height=\"225\" src=\"https:\/\/biblio.grupoautonoma.pt\/wp-content\/uploads\/2025\/12\/capa-novidades-300x225.png\" class=\"attachment-medium size-medium wp-post-image\" alt=\"\" style=\"max-width:300px;max-height:300px;\" srcset=\"https:\/\/biblio.grupoautonoma.pt\/wp-content\/uploads\/2025\/12\/capa-novidades-300x225.png 300w, https:\/\/biblio.grupoautonoma.pt\/wp-content\/uploads\/2025\/12\/capa-novidades-16x12.png 16w, https:\/\/biblio.grupoautonoma.pt\/wp-content\/uploads\/2025\/12\/capa-novidades.png 472w\" sizes=\"auto, (max-width: 300px) 100vw, 300px\" \/><\/div><a class=\"wp-block-latest-posts__post-title\" href=\"http:\/\/biblio.grupoautonoma.pt\/en\/novidades-bibliograficas-novembro\/\">Novidades Bibliogr\u00e1ficas Novembro<\/a><time datetime=\"2025-12-12T11:21:29+00:00\" class=\"wp-block-latest-posts__post-date\">12\/12\/2025<\/time><div class=\"wp-block-latest-posts__post-excerpt\">Novidades bibliogr\u00e1ficas de Novembro j\u00e1 dispon\u00edveis<\/div><\/li>\n<li><div class=\"wp-block-latest-posts__featured-image\"><img loading=\"lazy\" decoding=\"async\" width=\"300\" height=\"225\" src=\"https:\/\/biblio.grupoautonoma.pt\/wp-content\/uploads\/2025\/11\/Novidades-Outubro-300x225.png\" class=\"attachment-medium size-medium wp-post-image\" alt=\"\" style=\"max-width:300px;max-height:300px;\" srcset=\"https:\/\/biblio.grupoautonoma.pt\/wp-content\/uploads\/2025\/11\/Novidades-Outubro-300x225.png 300w, https:\/\/biblio.grupoautonoma.pt\/wp-content\/uploads\/2025\/11\/Novidades-Outubro-16x12.png 16w, https:\/\/biblio.grupoautonoma.pt\/wp-content\/uploads\/2025\/11\/Novidades-Outubro.png 472w\" sizes=\"auto, (max-width: 300px) 100vw, 300px\" \/><\/div><a class=\"wp-block-latest-posts__post-title\" href=\"http:\/\/biblio.grupoautonoma.pt\/en\/novidades-bibliograficas-outubro\/\">Novidades Bibliogr\u00e1ficas Outubro<\/a><time datetime=\"2025-11-05T10:04:55+00:00\" class=\"wp-block-latest-posts__post-date\">05\/11\/2025<\/time><div class=\"wp-block-latest-posts__post-excerpt\">Novidades bibliogr\u00e1ficas de Outubro j\u00e1 dispon\u00edveis<\/div><\/li>\n<li><div class=\"wp-block-latest-posts__featured-image\"><img loading=\"lazy\" decoding=\"async\" width=\"300\" height=\"225\" src=\"https:\/\/biblio.grupoautonoma.pt\/wp-content\/uploads\/2025\/10\/capa-novidades-300x225.png\" class=\"attachment-medium size-medium wp-post-image\" alt=\"\" style=\"max-width:300px;max-height:300px;\" srcset=\"https:\/\/biblio.grupoautonoma.pt\/wp-content\/uploads\/2025\/10\/capa-novidades-300x225.png 300w, https:\/\/biblio.grupoautonoma.pt\/wp-content\/uploads\/2025\/10\/capa-novidades-1024x768.png 1024w, https:\/\/biblio.grupoautonoma.pt\/wp-content\/uploads\/2025\/10\/capa-novidades-768x576.png 768w, https:\/\/biblio.grupoautonoma.pt\/wp-content\/uploads\/2025\/10\/capa-novidades-16x12.png 16w, https:\/\/biblio.grupoautonoma.pt\/wp-content\/uploads\/2025\/10\/capa-novidades.png 1476w\" sizes=\"auto, (max-width: 300px) 100vw, 300px\" \/><\/div><a class=\"wp-block-latest-posts__post-title\" href=\"http:\/\/biblio.grupoautonoma.pt\/en\/novidades-bibliograficas-agosto-setembro\/\">Novidades Bibliogr\u00e1ficas Agosto e Setembro<\/a><time datetime=\"2025-10-06T10:10:58+01:00\" class=\"wp-block-latest-posts__post-date\">06\/10\/2025<\/time><div class=\"wp-block-latest-posts__post-excerpt\">Novidades bibliogr\u00e1ficas de Agosto e Setembro j\u00e1 dispon\u00edveis<\/div><\/li>\n<li><div class=\"wp-block-latest-posts__featured-image\"><img loading=\"lazy\" decoding=\"async\" width=\"300\" height=\"225\" src=\"https:\/\/biblio.grupoautonoma.pt\/wp-content\/uploads\/2025\/08\/capa-novidades-300x225.png\" class=\"attachment-medium size-medium wp-post-image\" alt=\"\" style=\"max-width:300px;max-height:300px;\" srcset=\"https:\/\/biblio.grupoautonoma.pt\/wp-content\/uploads\/2025\/08\/capa-novidades-300x225.png 300w, https:\/\/biblio.grupoautonoma.pt\/wp-content\/uploads\/2025\/08\/capa-novidades-16x12.png 16w, https:\/\/biblio.grupoautonoma.pt\/wp-content\/uploads\/2025\/08\/capa-novidades.png 472w\" sizes=\"auto, (max-width: 300px) 100vw, 300px\" \/><\/div><a class=\"wp-block-latest-posts__post-title\" href=\"http:\/\/biblio.grupoautonoma.pt\/en\/novidades-bibliograficas-junho-julho\/\">Novidades Bibliogr\u00e1ficas Junho e Julho<\/a><time datetime=\"2025-08-03T15:05:58+01:00\" class=\"wp-block-latest-posts__post-date\">03\/08\/2025<\/time><div class=\"wp-block-latest-posts__post-excerpt\">Novidades bibliogr\u00e1ficas de Junho e Julho j\u00e1 dispon\u00edveis<\/div><\/li>\n<li><div class=\"wp-block-latest-posts__featured-image\"><img loading=\"lazy\" decoding=\"async\" width=\"300\" height=\"225\" src=\"https:\/\/biblio.grupoautonoma.pt\/wp-content\/uploads\/2025\/06\/capa-novidades-300x225.png\" class=\"attachment-medium size-medium wp-post-image\" alt=\"\" style=\"max-width:300px;max-height:300px;\" srcset=\"https:\/\/biblio.grupoautonoma.pt\/wp-content\/uploads\/2025\/06\/capa-novidades-300x225.png 300w, https:\/\/biblio.grupoautonoma.pt\/wp-content\/uploads\/2025\/06\/capa-novidades-1024x768.png 1024w, https:\/\/biblio.grupoautonoma.pt\/wp-content\/uploads\/2025\/06\/capa-novidades-768x576.png 768w, https:\/\/biblio.grupoautonoma.pt\/wp-content\/uploads\/2025\/06\/capa-novidades-16x12.png 16w, https:\/\/biblio.grupoautonoma.pt\/wp-content\/uploads\/2025\/06\/capa-novidades.png 1476w\" sizes=\"auto, (max-width: 300px) 100vw, 300px\" \/><\/div><a class=\"wp-block-latest-posts__post-title\" href=\"http:\/\/biblio.grupoautonoma.pt\/en\/novidades-bibliograficas-maio\/\">Novidades Bibliogr\u00e1ficas Maio<\/a><time datetime=\"2025-06-18T21:23:39+01:00\" class=\"wp-block-latest-posts__post-date\">18\/06\/2025<\/time><div class=\"wp-block-latest-posts__post-excerpt\">Novidades bibliogr\u00e1ficas de Maio j\u00e1 dispon\u00edveis<\/div><\/li>\n<\/ul>","protected":false},"excerpt":{"rendered":"<p>News<\/p>","protected":false},"author":3,"featured_media":0,"parent":0,"menu_order":0,"comment_status":"open","ping_status":"closed","template":"","meta":{"cybocfi_hide_featured_image":"yes","footnotes":""},"class_list":["post-3311","page","type-page","status-publish","hentry"],"_links":{"self":[{"href":"http:\/\/biblio.grupoautonoma.pt\/en\/wp-json\/wp\/v2\/pages\/3311","targetHints":{"allow":["GET"]}}],"collection":[{"href":"http:\/\/biblio.grupoautonoma.pt\/en\/wp-json\/wp\/v2\/pages"}],"about":[{"href":"http:\/\/biblio.grupoautonoma.pt\/en\/wp-json\/wp\/v2\/types\/page"}],"author":[{"embeddable":true,"href":"http:\/\/biblio.grupoautonoma.pt\/en\/wp-json\/wp\/v2\/users\/3"}],"replies":[{"embeddable":true,"href":"http:\/\/biblio.grupoautonoma.pt\/en\/wp-json\/wp\/v2\/comments?post=3311"}],"version-history":[{"count":11,"href":"http:\/\/biblio.grupoautonoma.pt\/en\/wp-json\/wp\/v2\/pages\/3311\/revisions"}],"predecessor-version":[{"id":5096,"href":"http:\/\/biblio.grupoautonoma.pt\/en\/wp-json\/wp\/v2\/pages\/3311\/revisions\/5096"}],"wp:attachment":[{"href":"http:\/\/biblio.grupoautonoma.pt\/en\/wp-json\/wp\/v2\/media?parent=3311"}],"curies":[{"name":"wp","href":"https:\/\/api.w.org\/{rel}","templated":true}]}}

<h2 class="wp-block-heading has-text-align-center"><strong>News</strong></h2>



<div style="height:100px" aria-hidden="true" class="wp-block-spacer"></div>


<ul class="wp-block-latest-posts__list is-grid columns-3 has-dates wp-block-latest-posts"><li><div class="wp-block-latest-posts__featured-image"><img loading="lazy" decoding="async" width="300" height="225" src="https://biblio.grupoautonoma.pt/wp-content/uploads/2026/04/capa-novidades-1-300x225.png" class="attachment-medium size-medium wp-post-image" alt="" style="max-width:300px;max-height:300px;" srcset="https://biblio.grupoautonoma.pt/wp-content/uploads/2026/04/capa-novidades-1-300x225.png 300w, https://biblio.grupoautonoma.pt/wp-content/uploads/2026/04/capa-novidades-1-1024x768.png 1024w, https://biblio.grupoautonoma.pt/wp-content/uploads/2026/04/capa-novidades-1-768x576.png 768w, https://biblio.grupoautonoma.pt/wp-content/uploads/2026/04/capa-novidades-1-16x12.png 16w, https://biblio.grupoautonoma.pt/wp-content/uploads/2026/04/capa-novidades-1.png 1181w" sizes="auto, (max-width: 300px) 100vw, 300px" /></div><a class="wp-block-latest-posts__post-title" href="http://biblio.grupoautonoma.pt/en/novidades-bibliogrficas-marco-esesfm/">Novidades Bibliográficas Março ESESFM</a><time datetime="2026-04-07T07:53:58+01:00" class="wp-block-latest-posts__post-date">07/04/2026</time><div class="wp-block-latest-posts__post-excerpt">Novidades bibliográficas de Março na biblioteca da ESESFM já disponíveis</div></li>
<li><div class="wp-block-latest-posts__featured-image"><img loading="lazy" decoding="async" width="300" height="225" src="https://biblio.grupoautonoma.pt/wp-content/uploads/2026/04/capa-marco-300x225.png" class="attachment-medium size-medium wp-post-image" alt="" style="max-width:300px;max-height:300px;" srcset="https://biblio.grupoautonoma.pt/wp-content/uploads/2026/04/capa-marco-300x225.png 300w, https://biblio.grupoautonoma.pt/wp-content/uploads/2026/04/capa-marco-1024x768.png 1024w, https://biblio.grupoautonoma.pt/wp-content/uploads/2026/04/capa-marco-768x576.png 768w, https://biblio.grupoautonoma.pt/wp-content/uploads/2026/04/capa-marco-16x12.png 16w, https://biblio.grupoautonoma.pt/wp-content/uploads/2026/04/capa-marco.png 1476w" sizes="auto, (max-width: 300px) 100vw, 300px" /></div><a class="wp-block-latest-posts__post-title" href="http://biblio.grupoautonoma.pt/en/novidades-bibliogrficas-marco/">Novidades Bibliográficas Março</a><time datetime="2026-04-07T07:51:34+01:00" class="wp-block-latest-posts__post-date">07/04/2026</time><div class="wp-block-latest-posts__post-excerpt">Novidades bibliográficas de Março já disponíveis</div></li>
<li><div class="wp-block-latest-posts__featured-image"><img loading="lazy" decoding="async" width="300" height="225" src="https://biblio.grupoautonoma.pt/wp-content/uploads/2026/02/capa-novidades-janeiro-1-300x225.png" class="attachment-medium size-medium wp-post-image" alt="" style="max-width:300px;max-height:300px;" srcset="https://biblio.grupoautonoma.pt/wp-content/uploads/2026/02/capa-novidades-janeiro-1-300x225.png 300w, https://biblio.grupoautonoma.pt/wp-content/uploads/2026/02/capa-novidades-janeiro-1-1024x768.png 1024w, https://biblio.grupoautonoma.pt/wp-content/uploads/2026/02/capa-novidades-janeiro-1-768x576.png 768w, https://biblio.grupoautonoma.pt/wp-content/uploads/2026/02/capa-novidades-janeiro-1-16x12.png 16w, https://biblio.grupoautonoma.pt/wp-content/uploads/2026/02/capa-novidades-janeiro-1.png 1063w" sizes="auto, (max-width: 300px) 100vw, 300px" /></div><a class="wp-block-latest-posts__post-title" href="http://biblio.grupoautonoma.pt/en/novidades-bibliogrficas-janeiro/">Novidades Bibliográficas Janeiro</a><time datetime="2026-02-03T08:54:55+00:00" class="wp-block-latest-posts__post-date">03/02/2026</time><div class="wp-block-latest-posts__post-excerpt">Novidades bibliográficas de Janeiro já disponíveis</div></li>
<li><div class="wp-block-latest-posts__featured-image"><img loading="lazy" decoding="async" width="300" height="225" src="https://biblio.grupoautonoma.pt/wp-content/uploads/2026/01/Dezembro-300x225.png" class="attachment-medium size-medium wp-post-image" alt="" style="max-width:300px;max-height:300px;" srcset="https://biblio.grupoautonoma.pt/wp-content/uploads/2026/01/Dezembro-300x225.png 300w, https://biblio.grupoautonoma.pt/wp-content/uploads/2026/01/Dezembro-1024x768.png 1024w, https://biblio.grupoautonoma.pt/wp-content/uploads/2026/01/Dezembro-768x576.png 768w, https://biblio.grupoautonoma.pt/wp-content/uploads/2026/01/Dezembro-16x12.png 16w, https://biblio.grupoautonoma.pt/wp-content/uploads/2026/01/Dezembro.png 1240w" sizes="auto, (max-width: 300px) 100vw, 300px" /></div><a class="wp-block-latest-posts__post-title" href="http://biblio.grupoautonoma.pt/en/novidades-bibliogrficas-dezembro/">Novidades Bibliográficas Dezembro</a><time datetime="2026-01-12T13:34:57+00:00" class="wp-block-latest-posts__post-date">12/01/2026</time><div class="wp-block-latest-posts__post-excerpt">Novidades bibliográficas de Dezembro já disponíveis</div></li>
<li><div class="wp-block-latest-posts__featured-image"><img loading="lazy" decoding="async" width="300" height="225" src="https://biblio.grupoautonoma.pt/wp-content/uploads/2025/12/capa-novidades-300x225.png" class="attachment-medium size-medium wp-post-image" alt="" style="max-width:300px;max-height:300px;" srcset="https://biblio.grupoautonoma.pt/wp-content/uploads/2025/12/capa-novidades-300x225.png 300w, https://biblio.grupoautonoma.pt/wp-content/uploads/2025/12/capa-novidades-16x12.png 16w, https://biblio.grupoautonoma.pt/wp-content/uploads/2025/12/capa-novidades.png 472w" sizes="auto, (max-width: 300px) 100vw, 300px" /></div><a class="wp-block-latest-posts__post-title" href="http://biblio.grupoautonoma.pt/en/novidades-bibliograficas-novembro/">Novidades Bibliográficas Novembro</a><time datetime="2025-12-12T11:21:29+00:00" class="wp-block-latest-posts__post-date">12/12/2025</time><div class="wp-block-latest-posts__post-excerpt">Novidades bibliográficas de Novembro já disponíveis</div></li>
<li><div class="wp-block-latest-posts__featured-image"><img loading="lazy" decoding="async" width="300" height="225" src="https://biblio.grupoautonoma.pt/wp-content/uploads/2025/11/Novidades-Outubro-300x225.png" class="attachment-medium size-medium wp-post-image" alt="" style="max-width:300px;max-height:300px;" srcset="https://biblio.grupoautonoma.pt/wp-content/uploads/2025/11/Novidades-Outubro-300x225.png 300w, https://biblio.grupoautonoma.pt/wp-content/uploads/2025/11/Novidades-Outubro-16x12.png 16w, https://biblio.grupoautonoma.pt/wp-content/uploads/2025/11/Novidades-Outubro.png 472w" sizes="auto, (max-width: 300px) 100vw, 300px" /></div><a class="wp-block-latest-posts__post-title" href="http://biblio.grupoautonoma.pt/en/novidades-bibliograficas-outubro/">Novidades Bibliográficas Outubro</a><time datetime="2025-11-05T10:04:55+00:00" class="wp-block-latest-posts__post-date">05/11/2025</time><div class="wp-block-latest-posts__post-excerpt">Novidades bibliográficas de Outubro já disponíveis</div></li>
<li><div class="wp-block-latest-posts__featured-image"><img loading="lazy" decoding="async" width="300" height="225" src="https://biblio.grupoautonoma.pt/wp-content/uploads/2025/10/capa-novidades-300x225.png" class="attachment-medium size-medium wp-post-image" alt="" style="max-width:300px;max-height:300px;" srcset="https://biblio.grupoautonoma.pt/wp-content/uploads/2025/10/capa-novidades-300x225.png 300w, https://biblio.grupoautonoma.pt/wp-content/uploads/2025/10/capa-novidades-1024x768.png 1024w, https://biblio.grupoautonoma.pt/wp-content/uploads/2025/10/capa-novidades-768x576.png 768w, https://biblio.grupoautonoma.pt/wp-content/uploads/2025/10/capa-novidades-16x12.png 16w, https://biblio.grupoautonoma.pt/wp-content/uploads/2025/10/capa-novidades.png 1476w" sizes="auto, (max-width: 300px) 100vw, 300px" /></div><a class="wp-block-latest-posts__post-title" href="http://biblio.grupoautonoma.pt/en/novidades-bibliograficas-agosto-setembro/">Novidades Bibliográficas Agosto e Setembro</a><time datetime="2025-10-06T10:10:58+01:00" class="wp-block-latest-posts__post-date">06/10/2025</time><div class="wp-block-latest-posts__post-excerpt">Novidades bibliográficas de Agosto e Setembro já disponíveis</div></li>
<li><div class="wp-block-latest-posts__featured-image"><img loading="lazy" decoding="async" width="300" height="225" src="https://biblio.grupoautonoma.pt/wp-content/uploads/2025/08/capa-novidades-300x225.png" class="attachment-medium size-medium wp-post-image" alt="" style="max-width:300px;max-height:300px;" srcset="https://biblio.grupoautonoma.pt/wp-content/uploads/2025/08/capa-novidades-300x225.png 300w, https://biblio.grupoautonoma.pt/wp-content/uploads/2025/08/capa-novidades-16x12.png 16w, https://biblio.grupoautonoma.pt/wp-content/uploads/2025/08/capa-novidades.png 472w" sizes="auto, (max-width: 300px) 100vw, 300px" /></div><a class="wp-block-latest-posts__post-title" href="http://biblio.grupoautonoma.pt/en/novidades-bibliograficas-junho-julho/">Novidades Bibliográficas Junho e Julho</a><time datetime="2025-08-03T15:05:58+01:00" class="wp-block-latest-posts__post-date">03/08/2025</time><div class="wp-block-latest-posts__post-excerpt">Novidades bibliográficas de Junho e Julho já disponíveis</div></li>
<li><div class="wp-block-latest-posts__featured-image"><img loading="lazy" decoding="async" width="300" height="225" src="https://biblio.grupoautonoma.pt/wp-content/uploads/2025/06/capa-novidades-300x225.png" class="attachment-medium size-medium wp-post-image" alt="" style="max-width:300px;max-height:300px;" srcset="https://biblio.grupoautonoma.pt/wp-content/uploads/2025/06/capa-novidades-300x225.png 300w, https://biblio.grupoautonoma.pt/wp-content/uploads/2025/06/capa-novidades-1024x768.png 1024w, https://biblio.grupoautonoma.pt/wp-content/uploads/2025/06/capa-novidades-768x576.png 768w, https://biblio.grupoautonoma.pt/wp-content/uploads/2025/06/capa-novidades-16x12.png 16w, https://biblio.grupoautonoma.pt/wp-content/uploads/2025/06/capa-novidades.png 1476w" sizes="auto, (max-width: 300px) 100vw, 300px" /></div><a class="wp-block-latest-posts__post-title" href="http://biblio.grupoautonoma.pt/en/novidades-bibliograficas-maio/">Novidades Bibliográficas Maio</a><time datetime="2025-06-18T21:23:39+01:00" class="wp-block-latest-posts__post-date">18/06/2025</time><div class="wp-block-latest-posts__post-excerpt">Novidades bibliográficas de Maio já disponíveis</div></li>
</ul>
